{"id":417,"date":"2024-11-15T12:25:23","date_gmt":"2024-11-15T12:25:23","guid":{"rendered":"https:\/\/happyx.es\/?page_id=417"},"modified":"2024-11-15T12:29:08","modified_gmt":"2024-11-15T12:29:08","slug":"elementor-417","status":"publish","type":"page","link":"https:\/\/happyx.es\/","title":{"rendered":"Elementor #417"},"content":{"rendered":"\t\t<div data-elementor-type=\"wp-page\" data-elementor-id=\"417\" class=\"elementor elementor-417\">\n\t\t\t\t<div class=\"elementor-element elementor-element-40d9fd0 e-flex e-con-boxed e-con e-parent\" data-id=\"40d9fd0\" data-element_type=\"container\">\n\t\t\t\t\t<div class=\"e-con-inner\">\n\t\t\t\t<div class=\"elementor-element elementor-element-41ce1c6 elementor-widget elementor-widget-image\" data-id=\"41ce1c6\" data-element_type=\"widget\" data-widget_type=\"image.default\">\n\t\t\t\t<div class=\"elementor-widget-container\">\n\t\t\t\t\t\t\t\t\t\t\t\t\t<img fetchpriority=\"high\" decoding=\"async\" width=\"300\" height=\"210\" src=\"https:\/\/happyx.es\/wp-content\/uploads\/2024\/11\/Logo-Happyx.pdf-1Powered-by-MaxAI-300x210.png\" class=\"attachment-medium size-medium wp-image-419\" alt=\"\" srcset=\"https:\/\/happyx.es\/wp-content\/uploads\/2024\/11\/Logo-Happyx.pdf-1Powered-by-MaxAI-300x210.png 300w, https:\/\/happyx.es\/wp-content\/uploads\/2024\/11\/Logo-Happyx.pdf-1Powered-by-MaxAI-1024x718.png 1024w, https:\/\/happyx.es\/wp-content\/uploads\/2024\/11\/Logo-Happyx.pdf-1Powered-by-MaxAI-768x538.png 768w, https:\/\/happyx.es\/wp-content\/uploads\/2024\/11\/Logo-Happyx.pdf-1Powered-by-MaxAI-1536x1077.png 1536w, https:\/\/happyx.es\/wp-content\/uploads\/2024\/11\/Logo-Happyx.pdf-1Powered-by-MaxAI-2048x1436.png 2048w\" sizes=\"(max-width: 300px) 100vw, 300px\" \/>\t\t\t\t\t\t\t\t\t\t\t\t\t<\/div>\n\t\t\t\t<\/div>\n\t\t\t\t\t<\/div>\n\t\t\t\t<\/div>\n\t\t<div class=\"elementor-element elementor-element-c478d0f e-flex e-con-boxed e-con e-parent\" data-id=\"c478d0f\" data-element_type=\"container\">\n\t\t\t\t\t<div class=\"e-con-inner\">\n\t\t\t\t<div class=\"elementor-element elementor-element-d3f619d elementor-widget elementor-widget-text-editor\" data-id=\"d3f619d\" data-element_type=\"widget\" data-widget_type=\"text-editor.default\">\n\t\t\t\t<div class=\"elementor-widget-container\">\n\t\t\t\t\t\t\t<p>La incorporaci\u00f3n del ozono en s\u00f3tanos con olor a humedad, c\u00e1maras frigor\u00edficas, cuartos de almacenaje, etc, es una t\u00e9cnica utilizada mundialmente para el mantenimiento de la higiene ambiental y el control microbiol\u00f3gico en continuo.<\/p><p>La ozonizaci\u00f3n de estos espacios est\u00e1 repleta de ventajas:<\/p><p>Destruye r\u00e1pidamente la vida microbiol\u00f3gica: elimina virus, bacterias, hongos y mohos, de la superficie de alimentos, paredes y contenedores. Evitando brotes infecciosos, aparici\u00f3n de hongos y mohos, merma y deterioro por la actividad microbiol\u00f3gica que reduce el peso y altera el sabor, olor y presencia.<br \/>Elimina malos olores: evita el cruce de aromas entre partidas distintas, y la aparici\u00f3n de malos olores<br \/>Sin contaminar ni perjudicar al alimento: el ozono tan solo es una forma\u00a0de\u00a0ox\u00edgeno.<\/p>\t\t\t\t\t\t<\/div>\n\t\t\t\t<\/div>\n\t\t\t\t\t<\/div>\n\t\t\t\t<\/div>\n\t\t<div class=\"elementor-element elementor-element-b58b234 e-flex e-con-boxed e-con e-parent\" data-id=\"b58b234\" data-element_type=\"container\">\n\t\t\t\t\t<div class=\"e-con-inner\">\n\t\t\t\t<div class=\"elementor-element elementor-element-1048bb7 elementor-widget elementor-widget-heading\" data-id=\"1048bb7\" data-element_type=\"widget\" data-widget_type=\"heading.default\">\n\t\t\t\t<div class=\"elementor-widget-container\">\n\t\t\t<h2 class=\"elementor-heading-title elementor-size-default\">Contacta con nosotros:<br>email: javier@happyx.es<\/h2>\t\t<\/div>\n\t\t\t\t<\/div>\n\t\t\t\t\t<\/div>\n\t\t\t\t<\/div>\n\t\t\t\t<\/div>\n\t\t","protected":false},"excerpt":{"rendered":"<p>La incorporaci\u00f3n del ozono en s\u00f3tanos con olor a humedad, c\u00e1maras frigor\u00edficas, cuartos de almacenaje, etc, es una t\u00e9cnica utilizada mundialmente para el mantenimiento de la higiene ambiental y el control microbiol\u00f3gico en continuo. La ozonizaci\u00f3n de estos espacios est\u00e1 repleta de ventajas: Destruye r\u00e1pidamente la vida microbiol\u00f3gica: elimina virus, bacterias, hongos y mohos, de [&hellip;]<\/p>\n","protected":false},"author":2,"featured_media":0,"parent":0,"menu_order":0,"comment_status":"closed","ping_status":"closed","template":"elementor_theme","meta":{"footnotes":""},"_links":{"self":[{"href":"https:\/\/happyx.es\/index.php\/wp-json\/wp\/v2\/pages\/417"}],"collection":[{"href":"https:\/\/happyx.es\/index.php\/wp-json\/wp\/v2\/pages"}],"about":[{"href":"https:\/\/happyx.es\/index.php\/wp-json\/wp\/v2\/types\/page"}],"author":[{"embeddable":true,"href":"https:\/\/happyx.es\/index.php\/wp-json\/wp\/v2\/users\/2"}],"replies":[{"embeddable":true,"href":"https:\/\/happyx.es\/index.php\/wp-json\/wp\/v2\/comments?post=417"}],"version-history":[{"count":4,"href":"https:\/\/happyx.es\/index.php\/wp-json\/wp\/v2\/pages\/417\/revisions"}],"predecessor-version":[{"id":422,"href":"https:\/\/happyx.es\/index.php\/wp-json\/wp\/v2\/pages\/417\/revisions\/422"}],"wp:attachment":[{"href":"https:\/\/happyx.es\/index.php\/wp-json\/wp\/v2\/media?parent=417"}],"curies":[{"name":"wp","href":"https:\/\/api.w.org\/{rel}","templated":true}]}}